{"id":4455,"date":"2023-01-05T19:42:02","date_gmt":"2023-01-05T17:42:02","guid":{"rendered":"https:\/\/a-warburg-workbook.org\/news\/?post_type=tribe_events&#038;p=4455"},"modified":"2023-01-05T19:42:02","modified_gmt":"2023-01-05T17:42:02","slug":"finissage-blitzsymbol-und-schlangentanz-aby-warburg-und-die-pueblo-kunst","status":"publish","type":"tribe_events","link":"http:\/\/a-warburg-workbook.org\/news\/event\/finissage-blitzsymbol-und-schlangentanz-aby-warburg-und-die-pueblo-kunst","title":{"rendered":"Finissage: Blitzsymbol und Schlangentanz  Aby Warburg und die Pueblo-Kunst"},"content":{"rendered":"<p><img loading=\"lazy\" decoding=\"async\" class=\"alignnone size-medium wp-image-4450\" src=\"https:\/\/a-warburg-workbook.org\/wp-content\/uploads\/2023\/01\/220304_Markk_JosephAguilar21qs-300x110.jpg\" alt=\"\" width=\"300\" height=\"110\" srcset=\"http:\/\/a-warburg-workbook.org\/wp-content\/uploads\/2023\/01\/220304_Markk_JosephAguilar21qs-300x110.jpg 300w, http:\/\/a-warburg-workbook.org\/wp-content\/uploads\/2023\/01\/220304_Markk_JosephAguilar21qs-1024x376.jpg 1024w, http:\/\/a-warburg-workbook.org\/wp-content\/uploads\/2023\/01\/220304_Markk_JosephAguilar21qs-768x282.jpg 768w, http:\/\/a-warburg-workbook.org\/wp-content\/uploads\/2023\/01\/220304_Markk_JosephAguilar21qs-1536x564.jpg 1536w, http:\/\/a-warburg-workbook.org\/wp-content\/uploads\/2023\/01\/220304_Markk_JosephAguilar21qs-660x242.jpg 660w, http:\/\/a-warburg-workbook.org\/wp-content\/uploads\/2023\/01\/220304_Markk_JosephAguilar21qs.jpg 1545w\" sizes=\"auto, (max-width: 300px) 100vw, 300px\" \/><\/p>\n","protected":false},"excerpt":{"rendered":"<p>Diskussionsrunde im Kontext der Ausstellung \u201eBlitzsymbol und Schlangentanz. Aby Warburg und die Pueblo-Kunst\u201c, gro\u00dfer H\u00f6rsaal<\/p>\n<p>Zum Abschluss der Ausstellung \u201eBlitzsymbol und Schlangentanz. Aby Warburg und die Pueblo-Kunst\u201c diskutieren Bill Sherman (Warburg Institute London), Joseph Aguilar (San Ildefonso Pueblo), Russell Sanchez (San Ildefonso Pueblo) und von den Kurator:innen der Ausstellung Christine Ch\u00e1vez \u00fcber den zuk\u00fcnftigen Umgang mit Sammlungen und Archivgut aus dem Aby Warburg-Kontext. Moderation: Barbara Plankensteiner (Direktorin MARKK).<\/p>\n","protected":false},"author":1,"featured_media":0,"template":"","meta":{"ngg_post_thumbnail":0,"_tribe_events_status":"","_tribe_events_status_reason":"","footnotes":""},"tags":[],"tribe_events_cat":[],"class_list":["post-4455","tribe_events","type-tribe_events","status-publish","hentry"],"jetpack_sharing_enabled":true,"_links":{"self":[{"href":"http:\/\/a-warburg-workbook.org\/news\/wp-json\/wp\/v2\/tribe_events\/4455","targetHints":{"allow":["GET"]}}],"collection":[{"href":"http:\/\/a-warburg-workbook.org\/news\/wp-json\/wp\/v2\/tribe_events"}],"about":[{"href":"http:\/\/a-warburg-workbook.org\/news\/wp-json\/wp\/v2\/types\/tribe_events"}],"author":[{"embeddable":true,"href":"http:\/\/a-warburg-workbook.org\/news\/wp-json\/wp\/v2\/users\/1"}],"version-history":[{"count":1,"href":"http:\/\/a-warburg-workbook.org\/news\/wp-json\/wp\/v2\/tribe_events\/4455\/revisions"}],"predecessor-version":[{"id":4456,"href":"http:\/\/a-warburg-workbook.org\/news\/wp-json\/wp\/v2\/tribe_events\/4455\/revisions\/4456"}],"wp:attachment":[{"href":"http:\/\/a-warburg-workbook.org\/news\/wp-json\/wp\/v2\/media?parent=4455"}],"wp:term":[{"taxonomy":"post_tag","embeddable":true,"href":"http:\/\/a-warburg-workbook.org\/news\/wp-json\/wp\/v2\/tags?post=4455"},{"taxonomy":"tribe_events_cat","embeddable":true,"href":"http:\/\/a-warburg-workbook.org\/news\/wp-json\/wp\/v2\/tribe_events_cat?post=4455"}],"curies":[{"name":"wp","href":"https:\/\/api.w.org\/{rel}","templated":true}]}}

<p>Diskussionsrunde im Kontext der Ausstellung „Blitzsymbol und Schlangentanz. Aby Warburg und die Pueblo-Kunst“, großer Hörsaal</p>
<p>Zum Abschluss der Ausstellung „Blitzsymbol und Schlangentanz. Aby Warburg und die Pueblo-Kunst“ diskutieren Bill Sherman (Warburg Institute London), Joseph Aguilar (San Ildefonso Pueblo), Russell Sanchez (San Ildefonso Pueblo) und von den Kurator:innen der Ausstellung Christine Chávez über den zukünftigen Umgang mit Sammlungen und Archivgut aus dem Aby Warburg-Kontext. Moderation: Barbara Plankensteiner (Direktorin MARKK).</p>
